i) + a(i). What is h(-5)?
-4
Suppose 2*t + 0 - 4 = 0. Let r(j) = -4*j - 1. Calculate r(t).
-9
Suppose t - q - 5 = -t, -2*t + 5*q - 15 = 0. Let b(c) = -c**2 + 5*c. Calculate b(t).
0
Let d(w) = 6 - w - 6 - w**2. Let m(j) = 2*j**2 + 1. Let z be m(-1). Suppose -5*f + 1 = -2*y + 7, 4*f + z = y. Determine d(f).
0
Let s(m) be the first derivative of -m**4/4 + 4*m**3/3 - 3*m**2/2 + 2*m + 2. Let z be s(2). Let w(n) = -3 - 3*n - 2*n**2 + 2 - 3*n**2 + 6*n**2. Calculate w(z).
3
Let y(h) = -h**2 + 3*h + 4. Suppose 3*v - 4*c + 68 = 6*v, 0 = -5*c + 10. Suppose v = 5*k - k. Calculate y(k).
-6
Let a be 84/7*3/4. Let s be (-3)/(a/(-6)) + 1. Let x(o) be the third derivative of o**6/120 - o**5/20 - o**4/8 + 2*o**3/3 + o**2. What is x(s)?
-5
Let d(r) = 2*r**2 + r - 4. Let h(n) = 2*n**2 + 2*n - 5. Let b(a) = -4*d(a) + 3*h(a). What is b(3)?
-11
Let p(q) = -q**2 + 4*q + 5. Let c be p(4). Suppose c*n - 3*n + 2 = 4*r, 20 = 4*n. Suppose -z = -4*z + r. Let k(v) = -6*v**3 + 2*v**2 - 1. Calculate k(z).
-5
Let j(x) be the third derivative of 1/60*x**5 - 4*x**2 + 0*x + 0 + 1/8*x**4 + 1/6*x**3. Give j(-3).
1
Let d(c) = -5*c + 8. Let i(y) = -2*y + 3. Let o(m) = -4*d(m) + 11*i(m). What is o(6)?
-11
Let j(x) be the third derivative of x**6/120 - x**5/20 + x**4/24 + x**3/3 + x**2. Let r be -1*1 + 8 + -5. Give j(r).
0
Let f(s) = 11*s - s**3 - 3*s - 6*s**2 + 0*s + 8. Let m be f(-7). Let v be (0 - -1 - 0) + m. Let j(q) = -q**2 + 1. Calculate j(v).
-3
Let x(w) = -w**3 - 3*w**2 + 6*w + 5. Suppose 0 = 3*y - 8*y - 60. Let o be y/10*90/27. Give x(o).
-3
Let b(d) = -d - 1. Let m(h) = -1 + 3 - 1 + 0. Let r(x) = -2*b(x) + m(x). Determine r(-5).
-7
Let s = -12 - -4. Let g be ((-10)/8)/((-2)/s). Let t(u) = u. Let j(l) = -l**2 - 7*l - 5. Let y(h) = j(h) + 2*t(h). Give y(g).
-5
Suppose 24 = h + 3*h - 5*d, -5 = 3*h + 2*d. Let q(r) be the first derivative of -2*r**3/3 + r + 36. Determine q(h).
-1
Let t(r) = r**2 + 3*r - 2. Let z be t(-4). Let v(m) = -8*m + 2*m + z*m + m + 5. Suppose 3*w - 10 = -2*k, k - 3 - 2 = -4*w. What is v(k)?
-10
Let o(b) be the second derivative of -b**4/12 - 2*b**3/3 + 2*b**2 + b. Suppose -q - 3*q = 8. Let d be 4*(-2)/(-4)*q. Determine o(d).
4
Let h(p) = -4 - 8*p + 8*p - p. Let c be h(-5). Let j(y) = -3*y. What is j(c)?
-3
Let w(f) be the first derivative of f**5/60 + f**4/8 - f**3/2 - 3*f**2/2 - 2. Let b(r) be the second derivative of w(r). Give b(-4).
1
Let f(i) be the third derivative of -i**8/20160 + i**7/5040 + i**6/180 - i**5/20 + 3*i**2. Let x(p) be the third derivative of f(p). Determine x(3).
-2
Let n(f) = 2*f. Let k be (-1)/(-2)*(-48)/(-8). Determine n(k).
6
Let t(j) be the first derivative of -1 - 75*j + 75*j - j**2. Determine t(4).
-8
Let k(x) = -3*x + 14 + 14*x - 10*x. Calculate k(0).
14
Suppose -5*d + 29 = 4. Let p(l) = l**2 - 5*l. Determine p(d).
0
Suppose 4 = h + 3. Let w(g) = 2 - h + 0 + 7*g - 2. Let j = 1 + 0. Determine w(j).
6
Suppose -60 = 5*q - 75. Let n(k) be the third derivative of 0 + 0*k - 1/3*k**q - k**2 + 1/24*k**4. Give n(5).
3
Suppose -2*h + 7*h - 70 = 0. Let x(g) = g + 3. Let q be x(-3). Suppose 4*u - l - 6 = q, -u - 3*l + h = 3*u. Let n(t) = t**3 - 3*t**2 + 1. Determine n(u).
-3
Let l(m) = -m**2 + 4*m - 3. Let f(d) be the first derivative of 9*d**2/2 - d - 1. Let p be f(1). Let o = p + -3. Calculate l(o).
-8
Let g(b) = -b**3 + 2*b - 2. Let l be (-2)/6 - 20/(-6). Let m be l/6 - 15/2. Let j(q) = -q**3 - 8*q**2 - 6*q + 9. Let c be j(m). Calculate g(c).
-6
Let a = -11 + 16. Suppose 0*t = -t - 3*z - 13, a*t + 4*z + 10 = 0. Let y(k) be the second derivative of -k**5/20 + k**4/6 + k**2/2 + k. What is y(t)?
1
Suppose -5*t = 5*d + 10, 0*d + d - 4*t - 13 = 0. Let r(g) = 3 - d - 1 + g**2. Let w be 1*(-4 + (-4)/(-2)). What is r(w)?
5
Let w(h) be the first derivative of h**4/4 - 3*h**3 + 9*h**2/2 - 7*h + 3. Give w(8).
1
Suppose 4*j - q + 5 = 0, 4*q = -5 - 7. Let t(f) = f**2 - f - 4. Let n be t(3). Let p(x) = -n*x + 2*x**2 + 2 - x + 6*x. What is p(j)?
4
Let u(s) = -s**2 - 1. Let q(b) = -b**3 + 5*b**2 + 5*b + 8. Let t(x) = q(x) + 6*u(x). Calculate t(-3).
5
Let q(j) be the third derivative of j**5/30 - j**4/12 + j**3/6 + 12*j**2. Let v(g) = -2*g**3 + g**2 + g. Let p be v(-1). Determine q(p).
5
Let j(s) = 21*s**2 - 3*s - 2. Let m(n) = 11*n**2 - 2*n - 1. Let h(g) = 4*j(g) - 7*m(g). Suppose 0 = z - 3, -5*z + 26 = 3*v + 8. Calculate h(v).
8
Let t(h) = 3*h**2 - 11*h + 1. Let i(o) = 7*o**2 - 2 - 23*o + 3 + 1. Let x(b) = -4*i(b) + 9*t(b). Let n be x(-7). Let f(s) = 6*s**2 - 1. Determine f(n).
5
Let p(k) be the second derivative of k**4/12 - 2*k**2 + 2*k. Let a be -1 + -1 - (1 - 6). What is p(a)?
5
Let a(t) = 7*t - 4. Let o = -51 - -54. Give a(o).
17
Let q(v) = -3*v + 3. Let n(g) = 4*g - 3. Let u(s) = 5*n(s) + 6*q(s). What is u(-6)?
-9
Let p(v) = v**3 - 6*v**2 - v + 2. Let c be p(6). Let d(h) = -2*h - 5. Let i be d(c). Let w(a) = 2 - 4*a**3 - a**2 + a + 0 - 3*a**3 - i. Determine w(1).
-8
Let l(u) = -2*u - u**3 - 1 + 0 + 0*u - 977*u**2 + 979*u**2. Determine l(2).
-5
Let i = -1 + -1. Let d be i/6 - 20/(-6). Suppose -7 - 8 = -d*h. Let l(w) = -2*w + 3. Determine l(h).
-7
Let x(r) = 2*r - 5. Let o(h) = h - 3. Let i(m) = -7*o(m) + 4*x(m). Let l = 0 - 2. Let p = l + 1. What is i(p)?
0
Suppose -p + 25 = 4*p. Suppose p*t = 13 + 47. Suppose -4*v + 4*r = 36, 0*v - t = 4*v + 2*r. Let b(z) = z**2 + 7*z + 3. Calculate b(v).
-7
Let i(t) = 0*t + 2*t + 2 + 0. Let h = -1 - 1. Let n be (2/1)/(h/5). Calculate i(n).
-8
Let d(k) = -6*k - 1. Let o be 4/56*-2*-7. What is d(o)?
-7
Let b(g) = g**2 - g + 1. Let q be b(0). Let i(m) = m + 3. Let s(k) = 1. Let w(a) = -i(a) + 2*s(a). What is w(q)?
-2
Let o(m) = m - 2. Let j be o(-2). Let u(z) be the third derivative of -z**6/120 - z**5/12 - z**4/24 + 2*z**3/3 - z**2. Determine u(j).
-8
Let j(g) be the third derivative of -g**6/120 - g**5/12 - g**4/24 + g**3/2 - 2*g**2. Let z = 85 - 90. Determine j(z).
8
Let z(p) = 14 - 8 - 3 + 2*p**2 - 3*p. Determine z(2).
5
Let d(m) = m**2 - 5*m + 4. Let z be d(4). Let u = z - -1. Let v(l) = -1 + u - l + 1. Give v(-4).
5
Let o(j) = -306 - j**2 + 8*j + 307 - j. Give o(7).
1
Let y(z) = -7*z - 4. Let n(t) = 6*t + 3. Let u(r) = -6*n(r) - 5*y(r). Determine u(-6).
8
Suppose -w + 8 = 1. Let u(f) be the third derivative of -f**4/24 - f**3/3 + 13*f**2. Let g(d) = -d - 1. Let j(v) = w*u(v) - 6*g(v). Calculate j(0).
-8
Let y(w) = -2 - 2 - 2*w**2 - 3 - 2*w + w. Let a(p) = p**2 + 3. Let c(b) = -13*a(b) - 6*y(b). Give c(6).
3
Let t(l) = l + 2. Let k = -4 - -1. Calculate t(k).
-1
Suppose 5*l + 3*d + 46 = 9, l - d + 1 = 0. Let z(f) = f**3 + 4*f**2 - 1 + 0 + f**2. What is z(l)?
-1
Let l be 10/(-2) - (-6 - -3). Let r(m) = m**3 + m**2 - 2*m - 2. Determine r(l).
-2
Suppose -2*g + 5*u = -14, 5*g - 12 = 2*g + 3*u. Suppose g*o + 1 = -3. Let d(l) = -2*l**3 - l**2 + 3*l + 1. What is d(o)?
7
Let d(q) = -q**2 + 2*q - 2. Let i(p) = p**2 - 3*p + 5. Let v be i(4). Suppose 3*o - v = -0*o. What is d(o)?
-5
Let l(w) = -3*w**2. Let z be (-820)/(-70) - 4/(-14). Let t = z - 11. Give l(t).
-3
Suppose -3*d + 2*l = 10, -11 - 5 = 3*d - 5*l. Let c(z) = z**2. Let m(g) = 5*g**2 + 2*g + 1. Let b(a) = d*c(a) + m(a). Give b(-1).
2
Let u(k) = k**3 + 6*k**2 - 9*k - 9. Let d = -22 + 15. What is u(d)?
5
Let w(u) = u + 5. Suppose 0 = 3*a - 5*g + 18, 4*a - 2*a + 37 = -5*g. What is w(a)?
-6
Let r(f) = -3*f**2 - f + 5*f**2 - 3*f**2. Give r(0).
0
Let x(y) = -2*y. Suppose t = -5*f + 120, 72 = -5*f + 3*t + 192. Suppose m - 9 = -5*v + 5, -4*m - 4*v = -f. Give x(m).
-8
Suppose -h = -5*r - 7 - 8, -2*r + 16 = 4*h. Let w(p) = -5 - p**2 + 2 - h*p - 3. Calculate w(-5).
-6
Let x(w) = w**2 - 3*w + 2. Let s = -156 + 159. Calculate x(s).
2
Let f(d) = 2*d**2 - 3*d. Let n be 3 - (3/(-3) - -7). Let j(h) = 4*h**2 + h. Let z be j(1). Let b = z + n. Give f(b).
2
Let y(f) = 1. Let p(g) = -g**2 - 9*g + 15. Let j(a) = p(a) - 3*y(a). Give j(-10).
2
Let k(i) = -i**2 - 5*i - 8. Let w be k(-4). Let v(u) = u**2 + 4*u + 3. What is v(w)?
3
Let z be -5*(-1)/(10/6). Suppose u - z*u = 2. Let k(b) be the third derivative of -11*b**5/60 + b**4/12 + b**3/6 - b**2 - 2*b. Calculate k(u).
-12
Let v(c) = -11*c**3 - 3*c**2 + 3*c + 2. Let p(i) = 5*i**3 + 2*i**2 - 2*i - 1. Let w(j) = -9*p(j) - 4*v(j). Give w(-7).
8
Let z(i) = i**2 - 1 - 7*i + 4*i**2 - i**3 + 3 + 2*i. Determine z(3).
5
Let u(t) be the t